ppose -4*v + 1 + 3 = 0. What is the units digit of v?
1
Let u(c) = 50*c - 11. What is the units digit of u(2)?
9
Suppose -2*b - 3 - 3 = 0. Let u(m) = -4*m + 3. Let a(s) = -s + 1. Let f(y) = b*a(y) + u(y). What is the units digit of f(-6)?
6
Let q = -4 - -4. Suppose q = -2*n + 19 + 27. Suppose -3*l = -n - 1. What is the units digit of l?
8
Let v be 108/2*(-30)/(-18). Suppose -2*d - d = -v. What is the units digit of d?
0
Let w(c) = -c**3 - 4*c**2 + 7*c - 8. What is the units digit of w(-6)?
2
Let d = -45 - -119. Suppose 0 = 4*a + d - 202. What is the tens digit of a?
3
Let h be 5*2*(-72)/(-30). Suppose 2*w - w - 49 = 4*m, m - 4*w + 1 = 0. Let y = m + h. What is the units digit of y?
1
Suppose 0 = -2*x - 0*x - 2*i + 40, 0 = 4*x - 3*i - 52. Suppose l - x = 2*l. What is the units digit of (-6)/(-4)*l/(-12)?
2
Suppose 2 = 4*j + 5*q, -5*j - q + 1 + 12 = 0. What is the units digit of 4 + j*(-2)/(-6)?
5
Suppose b + 13 = -2*o - o, 9 = -b - 2*o. Let u(m) = 18*m**2 + m. What is the tens digit of u(b)?
1
Let h = 71 - -60. What is the tens digit of h?
3
Let w be 1/(-2 + 1) - 1. What is the units digit of w + (1 + -1 - -4)?
2
Let u(c) = c**2 - 9*c - 1. Let i(l) = -l**3 + 2*l**2 + 2*l - 2. Let m be i(-2). What is the units digit of u(m)?
9
Let w be 5*(0 + 1)*1. Let k = w + -3. Suppose -2*x - k = -2*u - 2*u, 3*x - 2*u = 1. What is the units digit of x?
1
Suppose 129 = l + 23. What is the hundreds digit of l?
1
Suppose 0 = 6*t - 2*t - 92. What is the tens digit of t?
2
Let x(k) = 3*k**2 + 4*k + 33. What is the hundreds digit of x(-9)?
2
Let m = -10 - -15. Let y(q) = -q**2 + 7*q + 2. What is the tens digit of y(m)?
1
Let c be 3/(1/(3/9)). What is the units digit of (-3 - -6 - -1)*c?
4
Suppose -2*d + 4*q = q - 182, -2*d - q + 174 = 0. What is the tens digit of d?
8
Suppose -2*i = 2*m - 136, -i = 3*i + m - 275. What is the tens digit of i?
6
Suppose i - 3*i + 2 = 0. Suppose i - 11 = q. What is the units digit of (-48)/q + (-1)/(-5)?
5
Let j(g) = 2*g. Let x be j(-3). Let h(d) be the third derivative of -d**4/12 + d**3/3 + 3*d**2. What is the tens digit of h(x)?
1
Suppose -5*u - 5*m + 37 = -u, -3*u - m + 14 = 0. Let b = u + -1. Suppose 4*l - 1 + 9 = 4*g, b*g = l + 6. What is the units digit of g?
4
Let k(b) = -9*b**2 - 4*b - 1. Let y(a) = -19*a**2 - 9*a - 2. Let f(g) = -13*k(g) + 6*y(g). What is the units digit of f(2)?
9
Suppose -331 = -4*l - 3*a, -6*l + 2*a = -3*l - 244. What is the units digit of l?
2
Let c be (-756)/90*(-25)/2. Let x = 158 - c. What is the units digit of x?
3
Let i = -93 + 132. What is the units digit of i?
9
Suppose 0 = -3*o + 10*o - 980. What is the tens digit of o?
4
Suppose 8 - 5 = 3*y. What is the tens digit of (y + -2)*1 - -23?
2
Suppose -4 = 2*m + 12. Let s(c) = -c**2 - 9*c + 2. What is the units digit of s(m)?
0
Suppose w + 4*w - 4*d = 36, -3*d = 5*w - 43. Suppose -3*s - w - 7 = -3*a, 20 = s + 4*a. Let q(l) = l + 15. What is the units digit of q(s)?
5
Suppose 0 = -2*w - w + 9. What is the units digit of 18/(-54) - (-31)/w?
0
Suppose 0 = 4*v + 34 - 166. What is the units digit of v?
3
Let j(q) be the first derivative of -15*q**2/2 + 29*q - 2. Let i(a) = 7*a - 15. Let c(f) = -13*i(f) - 6*j(f). What is the units digit of c(0)?
1
Suppose -3*f - 70 = 77. What is the tens digit of 82/7 - 14/f?
1
What is the units digit of 86 + (16/(-4) - 0)?
2
Let q be ((-6)/(-4))/(2/4). Suppose -3*f - 7 = -d, -6*f + 3 = -q*f. What is the tens digit of d?
1
Let q = 144 + -74. What is the units digit of q?
0
Let o(z) = -21*z - 26. What is the hundreds digit of o(-7)?
1
Suppose 5*u + n - 19 = 0, 4*n + 5 = 3*u - 11. Suppose -u*z = 5 - 13. What is the units digit of z?
2
Suppose 0 = -j + 5 + 3. What is the units digit of j?
8
Let o be 1 - (48/(-1) + 2). Let d = 80 - o. Suppose -j = 5*h - d, -4*h + 0 = -4*j + 60. What is the tens digit of j?
1
Let x(n) = -6*n**3 - n**2. Let t be x(-1). Suppose -t*z + 2*z + 45 = 0. What is the tens digit of z?
1
Let t(w) = w**3 + 7*w**2 - 6*w + 2. Suppose 28 = x - 5*x. Let k be t(x). What is the units digit of 316/k + (-4)/22?
7
Let a = 128 - 79. Let c = -6 + a. What is the tens digit of c?
4
Let a(o) = 2*o - 2. Let w = 9 + -15. Let v = w - -15. What is the units digit of a(v)?
6
Suppose 12*f - 35 = 17*f. What is the units digit of (-1)/(3/9) - f?
4
Suppose r + 4*t + 13 = -9, -20 = 5*r + 2*t. Let l be -2 - (-5 - (-3 - r)). What is the units digit of l/(-11) + 560/55?
0
What is the units digit of ((-267)/2)/(15/(-20))?
8
Suppose 3*h + 11 + 31 = 0. Let c(q) = -4*q - 2. What is the tens digit of c(h)?
5
Let f = -14 + 5. What is the units digit of 30/f*(-9)/5?
6
Let v(f) = 1. Let q(z) = -z**2 + 7*z + 9. Let m(r) = -q(r) - 4*v(r). What is the tens digit of m(10)?
1
Let d(y) = -5*y**3 - y**2 + y + 1. Let t(x) = x**3 + 9*x**2 - x - 11. Let g be t(-9). Let o be -4 - g - (-2)/2. What is the units digit of d(o)?
4
Let s be 24*((-58)/(-15) + -4)*5. Suppose 6 - 22 = 4*h. Let a = h - s. What is the tens digit of a?
1
Let q(j) = j**2 + 4*j. Let a be q(-4). Suppose 5*d - 13 - 12 = a. Let y = d + 11. What is the tens digit of y?
1
Suppose n - 171 = 5*v, -2*v + 0*v + 530 = 3*n. Suppose -5*a = 3*t - 108, 4*t = 4*a - 0*a + n. What is the tens digit of t?
4
Let y(j) = 9*j - 3. Let q = 5 + -1. What is the units digit of y(q)?
3
Let w(u) = -u**2 + 3*u - 2. Let h be w(9). Let c = -26 - h. What is the units digit of c?
0
Suppose -6 = -0*i - 3*i. Suppose -2 = 4*p - 3*q - 51, -5*p + i*q = -63. What is the tens digit of p?
1
Suppose 3*l + 5*n = 67, -23 = -l - 4*n + 4. Suppose -2*x - 3*p = x - 57, 4*p = x - l. What is the units digit of x?
9
Let g(o) = -4*o**2 - 3*o - 2. Let t(v) = 3*v**2 + 2*v + 1. Let w(p) = 5*g(p) + 6*t(p). Let f be w(-3). Let r = 20 + f. What is the units digit of r?
7
Let j(w) be the first derivative of -w**2/2 + 8*w - 1. Let h be j(6). Suppose 3*b - h*u = -6*u + 26, -21 = 2*b - 5*u. What is the units digit of b?
2
Let r(u) = u**3 - 7*u**2 + 8*u - 1. Let k be r(6). Let h = k + -7. Let t = 3 + h. What is the units digit of t?
7
Let u be 133/6 - 8/48. Let r = -16 + u. What is the units digit of r?
6
Let n = 5 + -3. Suppose -6*l + 4 = -n*l. What is the units digit of l?
1
What is the tens digit of 1040/(-64)*2*-2?
6
What is the hundreds digit of 1 + 7/(-5) + (-5579)/(-35)?
1
Let r(o) = o**3 - o**2 + 1. Let i be 1*(2 - (1 - 0)). What is the units digit of r(i)?
1
Let d = 151 + -92. What is the units digit of d?
9
Let l(y) = y - 11. Let z be l(5). Let n be z/9 + 5/3. What is the units digit of -3 + 3 + n + 0?
1
Let k(z) = -z**2 + 8*z - 4. Let n be k(6). Suppose -3*s - s + h = -47, -s - h + n = 0. What is the tens digit of s?
1
What is the tens digit of 6/21 + (-313)/(-7)?
4
Let c be (-1)/6*-8*30. Suppose q - c = -q. What is the tens digit of q?
2
Let q(n) = 29*n**3 + 3*n**2 - 2. What is the tens digit of q(1)?
3
Suppose -3*c + 8*c = 10. Suppose -a + c*a = -8. What is the units digit of 1 - 2 - 0 - a?
7
Suppose -4*g = -7*g + 96. What is the tens digit of g?
3
Suppose -4*h - 5*m - 655 = -9*h, 0 = 5*h - m - 643. What is the units digit of h?
8
Let r = -13 + 17. What is the units digit of ((-9)/12)/((-1)/r)?
3
Let m = 28 - 12. What is the units digit of m?
6
Let u(c) = -c**2 - 10*c - 12. Let w be u(-8). Let p = w - 2. Suppose -p*m + 48 = 2*m. What is the units digit of m?
2
Let y = 26 - -2. What is the units digit of 2/8 + 469/y?
7
Suppose -3*m + 88 = -2*c - 66, 0 = 2*m + 4*c - 124. What is the units digit of m?
4
Suppose -7*x = -x + 30. Let u(z) = -4*z - 2. What is the tens digit of u(x)?
1
Let f = 6 + -2. Suppose f*x = 4, -2*b - x - x + 10 = 0. What is the units digit of b?
4
Let v(y) = -y**3 + 10*y**2 - 7*y - 12. Suppose -5*l + 0*l = -90. Suppose 2*a = 4*a - l. What is the units digit of v(a)?
6
Suppose -18 = -0*j - j. Suppose 5*i - j = -2*p, -4*i + 15 = -0*p + p. What is the units digit of i?
4
Let f = 4 - -24. Suppose -2*q + 2 = -f. What is the tens digit of q?
1
Suppose -2*d + 11 = -d. Let b = -20 - -35. Let g = b - d. What is the units digit of g?
4
Suppose 3*h + 9 = 0, 4*m - 2*h - 118 = -0*h. Suppose -m - 10 = -2*w. What is the units digit of w?
9
Suppose l - 9 = -3*z + 6, z - 16 = -4*l. Let k = l - 1. Suppose -3*j - k*j + 15 = -5*y, 2*j + 4 = -3*y. What is the units digit of j?
1
Suppose 3*q + 36 = 2*r, -5 = -r - 3*q + 4. What is th